emainder when 343 is divided by 110?
13
What is the remainder when 325 is divided by 315?
10
What is the remainder when 142 is divided by 24?
22
Calculate the remainder when 4523 is divided by 141.
11
What is the remainder when 217 is divided by 74?
69
Calculate the remainder when 711 is divided by 51.
48
What is the remainder when 246 is divided by 81?
3
What is the remainder when 1875 is divided by 11?
5
What is the remainder when 4691 is divided by 2336?
19
Calculate the remainder when 34704 is divided by 14.
12
What is the remainder when 74 is divided by 47?
27
Calculate the remainder when 1534 is divided by 382.
6
Calculate the remainder when 167 is divided by 7.
6
What is the remainder when 115 is divided by 49?
17
What is the remainder when 3427 is divided by 6?
1
What is the remainder when 862 is divided by 30?
22
What is the remainder when 170 is divided by 2?
0
What is the remainder when 1818 is divided by 120?
18
What is the remainder when 178 is divided by 85?
8
Calculate the remainder when 124 is divided by 6.
4
What is the remainder when 520 is divided by 95?
45
Calculate the remainder when 2462 is divided by 17.
14
Calculate the remainder when 200 is divided by 61.
17
Calculate the remainder when 1159 is divided by 43.
41
What is the remainder when 241 is divided by 186?
55
What is the remainder when 643 is divided by 67?
40
Calculate the remainder when 765 is divided by 48.
45
Calculate the remainder when 500 is divided by 14.
10
What is the remainder when 945 is divided by 152?
33
What is the remainder when 15 is divided by 2?
1
What is the remainder when 60 is divided by 20?
0
Calculate the remainder when 225 is divided by 26.
17
Calculate the remainder when 99 is divided by 18.
9
Calculate the remainder when 501 is divided by 12.
9
What is the remainder when 7085 is divided by 19?
17
What is the remainder when 2462 is divided by 112?
110
Calculate the remainder when 1851 is divided by 1850.
1
Calculate the remainder when 28 is divided by 25.
3
Calculate the remainder when 190 is divided by 5.
0
Calculate the remainder when 852 is divided by 10.
2
Calculate the remainder when 421 is divided by 103.
9
Calculate the remainder when 5497 is divided by 39.
37
Calculate the remainder when 277 is divided by 26.
17
What is the remainder when 169 is divided by 14?
1
Calculate the remainder when 43 is divided by 36.
7
Calculate the remainder when 451 is divided by 179.
93
Calculate the remainder when 1150 is divided by 12.
10
Calculate the remainder when 926 is divided by 423.
80
What is the remainder when 49 is divided by 17?
15
What is the remainder when 3577 is divided by 18?
13
Calculate the remainder when 25 is divided by 9.
7
Calculate the remainder when 88 is divided by 35.
18
What is the remainder when 1020 is divided by 91?
19
What is the remainder when 801 is divided by 26?
21
What is the remainder when 155 is divided by 49?
8
Calculate the remainder when 455 is divided by 56.
7
What is the remainder when 271 is divided by 52?
11
What is the remainder when 9879 is divided by 341?
331
What is the remainder when 203 is divided by 9?
5
Calculate the remainder when 462 is divided by 170.
122
What is the remainder when 37 is divided by 33?
4
What is the remainder when 491 is divided by 11?
7
What is the remainder when 380 is divided by 80?
60
What is the remainder when 844 is divided by 279?
7
What is the remainder when 97 is divided by 25?
22
Calculate the remainder when 40935 is divided by 238.
237
What is the remainder when 3715 is divided by 1236?
7
What is the remainder when 179 is divided by 70?
39
Calculate the remainder when 418 is divided by 60.
58
What is the remainder when 719 is divided by 310?
99
What is the remainder when 167 is divided by 2?
1
Calculate the remainder when 59 is divided by 19.
2
Calculate the remainder when 255 is divided by 120.
15
What is the remainder when 152 is divided by 4?
0
Calculate the remainder when 635 is divided by 93.
77
What is the remainder when 223 is divided by 33?
25
Calculate the remainder when 1833 is divided by 51.
48
What is the remainder when 7127 is divided by 22?
21
What is the remainder when 1534 is divided by 90?
4
What is the remainder when 540 is divided by 78?
72
What is the remainder when 229 is divided by 40?
29
What is the remainder when 274 is divided by 24?
10
Calculate the remainder when 137 is divided by 44.
5
What is the remainder when 563 is divided by 173?
44
What is the remainder when 2576 is divided by 12?
8
What is the remainder when 365 is divided by 25?
15
Calculate the remainder when 8060 is divided by 278.
276
Calculate the remainder when 2181 is divided by 86.
31
What is the remainder when 3353 is divided by 39?
38
What is the remainder when 165 is divided by 25?
15
Calculate the remainder when 79 is divided by 28.
23
What is the remainder when 213 is divided by 44?
37
What is the remainder when 16624 is divided by 102?
100
Calculate the remainder when 5059 is divided by 65.
54
What is the remainder when 626 is divided by 89?
3
Calculate the remainder when 156 is divided by 32.
28
Calculate the remainder when 2264 is divided by 2258.
6
What is the remainder when 472 is divided by 26?
4
What is the remainder when 2108 is divided by 111?
110
What is the remainder when 90 is divided by 73?
17
What is the remainder when 1115 is divided by 17?
10
What is the remainder when 130 is divided by 58?
14
Calculate the remainder when 11 is divided by 6.
5
Calculate the remainder when 2344 is divided by 83.
20
What is the remainder when 9531 is divided by 159?
150
What is the remainder when 99 is divided by 47?
5
What is the remainder when 111 is divided by 35?
6
Calculate the remainder when 2769 is divided by 146.
141
Calculate the remainder when 942 is divided by 890.
52
What is the remainder when 203 is divided by 16?
11
Calculate the remainder when 289 is divided by 28.
9
What is the remainder when 200 is divided by 91?
18
What is the remainder when 417 is divided by 60?
57
Calculate the remainder when 1203 is divided by 1194.
9
Calculate the remainder when 603 is divided by 19.
14
Calculate the remainder when 878 is divided by 870.
8
What is the remainder when 183 is divided by 27?
21
Calculate the remainder when 200 is divided by 7.
4
What is the remainder when 144 is divided by 19?
11
What is the remainder when 646 is divided by 88?
30
What is the remainder when 282 is divided by 4?
2
What is the remainder when 891 is divided by 66?
33
What is the remainder when 139 is divided by 71?
68
What is the remainder when 685 is divided by 224?
13
What is the remainder when 431 is divided by 77?
46
Calculate the remainder when 353 is divided by 45.
38
Calculate the remainder when 320 is divided by 184.
136
Calculate the remainder when 163 is divided by 71.
21
Calculate the remainder when 581 is divided by 11.
9
Calculate the remainder when 1165 is divided by 15.
10
What is the remainder when 5606 is divided by 66?
62
Calculate the remainder when 507 is divided by 15.
12
What is the remainder when 53 is divided by 9?
8
What is the remainder when 97 is divided by 30?
7
What is the remainder when 1400 is divided by 54?
50
What is the remainder when 296 is divided by 5?
1
Calculate the remainder when 641 is divided by 107.
106
What is the remainder when 797 is divided by 134?
127
Calculate the remainder when 285 is divided by 114.
57
What is the remainder when 63 is divided by 11?
8
Calculate the remainder when 181 is divided by 7.
6
What is the remainder when 6026 is divided by 317?
3
What is the remainder when 285 is divided by 12?
9
Calculate the remainder when 149 is divided by 45.
14
What is the remainder when 39 is divided by 8?
7
What is the remainder when 749 is divided by 174?
53
Calculate the remainder when 1343 is divided by 56.
55
Calculate the remainder when 382 is divided by 172.
38
Calculate the remainder when 1910 is divided by 91.
90
What is the remainder when 207 is divided by 91?
25
Calculate the remainder when 28 is divided by 26.
2
Calculate the remainder when 1229 is divided by 123.
122
What is the remainder when 2391 is divided by 796?
3
What is the remainder when 3674 is divided by 94?
8
What is the remainder when 172 is divided by 23?
11
Calc